-6*g, 2*g - 1931 = -3*l. What are the prime factors of l?
643
Let o = 19049 + -12619. What are the prime factors of o?
2, 5, 643
Let q be (238/4 + -1)/((-273)/364). Let m = q + 96. List the prime factors of m.
2, 3
Let i(c) be the first derivative of 0*c**3 + 5/2*c**4 + 0*c + 0*c**2 + 2. List the prime factors of i(1).
2, 5
Suppose 239*f - 2081042 = 32*f + 2170531. List the prime factors of f.
19, 23, 47
Let y(f) = 3930*f**3 + 4*f**2 + f - 5. What are the prime factors of y(1)?
2, 3, 5, 131
Let z = -8597 + 8575. Let y(x) = x**3 + 26*x**2 + 7*x + 12. Let i(l) = -l**3 - 25*l**2 - 6*l - 12. Let v(a) = 4*i(a) + 3*y(a). List the prime factors of v(z).
2, 3
Suppose g + 3 = j, -4*j + 7 + 21 = 4*g. Suppose -2*n + p = -2185, -j*n + 4*p = -4100 - 1364. List the prime factors of n.
2, 3, 7, 13
Let j be (-45 - 9)/18*107/(-3). Suppose 6*s + 7 = 5*s. What are the prime factors of (5 + s)/((-2)/j)?
107
Let f be (-252)/(-30) - (-4)/(-10). Let z(w) = -w. Let y(p) = 13*p + 13. Let l(s) = y(s) + 6*z(s). List the prime factors of l(f).
3, 23
Let b = -16944 + 40581. What are the prime factors of b?
3, 7879
Let w = 54221 - 6736. List the prime factors of w.
5, 9497
Let n be (-105)/15 + (-323)/1. Let t = 416 - n. What are the prime factors of t?
2, 373
Let v = 91 - -409. Suppose -4*r = -5*r - 4. List the prime factors of (-2)/r*v/2.
5
Let m = 98 - 215. Suppose -3*f = -3*h + 744, -5*f = -f + 12. Let r = h + m. What are the prime factors of r?
2
Let m be ((-16)/(-40))/(1*(-5)/(-21775)). Suppose -3*a + 1168 = 2*v, -4*v + 5*a = -616 - m. List the prime factors of v.
587
Let m be ((-8)/(-16))/((-2)/(-4968)). Suppose 7*p - m - 669 = 0. List the prime factors of p.
3, 7, 13
Let n(x) = x**2 + 2*x - 36. Let g = -452 - -434. List the prime factors of n(g).
2, 3, 7
Suppose k = -3*k. Suppose -6*g + 0*g + 270 = k. Suppose b = g - 5. What are the prime factors of b?
2, 5
Let x = 8 - -2. Suppose l + x*l = 1243. List the prime factors of l.
113
Suppose 0 = -v + 5*g + 17221, 3*v + g = -21803 + 73466. What are the prime factors of v?
17, 1013
Let g(t) = -2*t**3 - 6*t**2 - 2*t - 13. Let x(y) = -20*y - 30. Let m be x(-7). Let p be 20/m - (-1 - (-158)/22). List the prime factors of g(p).
5, 43
Let u(a) = 110*a**3 + 2*a**2 - 50*a + 35. List the prime factors of u(7).
7, 23, 233
Let y(d) = d**2 - 98*d + 1914. List the prime factors of y(80).
2, 3, 79
Let g = -37 - -47. Let u be 2/6*3 + g/10. Suppose -13 = u*s - 4*m - 331, 0 = -4*s + 3*m + 631. What are the prime factors of s?
157
Let l(m) = -6*m**2 + 8*m - 98. Let i(g) = 49 - 5*g**2 - g**2 + 9*g**2 - 4*g. Let q(r) = 5*i(r) + 2*l(r). What are the prime factors of q(6)?
7, 19
Let r(d) = -4522*d + 969. List the prime factors of r(-5).
17, 19, 73
Suppose 12*b - 317 = 43. Suppose -9134 = -5*c - 2*p, b*p = 33*p + 9. What are the prime factors of c?
2, 457
Let k(l) = 3*l**2 - 16*l + 1385. List the prime factors of k(-45).
2, 5, 409
Let y(p) be the first derivative of -p**4/4 - 20*p**3/3 - 19*p**2/2 + 15*p + 35. Let r be y(-19). Suppose -3*z - 2316 = -r*z. List the prime factors of z.
193
Let q = 52 + -219. Let t = q + 262. List the prime factors of t.
5, 19
Suppose 2*k - 202*y = -207*y + 17122, 17106 = 2*k - 3*y. What are the prime factors of k?
2, 3, 23, 31
Suppose 0 = -80*d + 455488 - 154448. List the prime factors of d.
53, 71
Let t = 1024 - 574. Suppose 0*i = i - t. What are the prime factors of i?
2, 3, 5
Suppose -4*v - d + 2*d + 871 = 0, 3*v - 656 = -2*d. Suppose -194*w + i + 2030 = -191*w, -3*i = -12. Suppose 8*n - v = w. What are the prime factors of n?
2, 7
Let n = 44022 - 26372. What are the prime factors of n?
2, 5, 353
Let h(d) = -4*d**3 - d**2 + 2*d + 3. Let i be h(-1). Suppose 0 = 4*n - i*g + 584, -3*n - 3*g - 219 = 219. Let p = -89 - n. What are the prime factors of p?
3, 19
Let h = 339 + -336. Let w(t) = 32*t**3 - 5*t**2 - 2*t + 16. List the prime factors of w(h).
829
Let m = 209 + -205. What are the prime factors of (-6 - -255) + m/((-4)/3)?
2, 3, 41
Let w = 78363 - 666. List the prime factors of w.
3, 89, 97
Suppose 0 = 5*f - 4*c - 3485, c - 1696 = -3*f + 378. Let b = f - 509. What are the prime factors of b?
2, 23
Let f be 9 - 7 - 0/(-2). Suppose -f*u + u = -2. What are the prime factors of 660/(-18)*(-1 - u)?
2, 5, 11
Suppose 3*p - 33 = -36. Let d be (p - -16)*2*(-1)/(-5). List the prime factors of -5 + (-56)/(-12) + 320/d.
53
Suppose -3*p = 2*p + 80. Suppose -11 = 5*v + 14. List the prime factors of (-21)/v - (p/(-5) + -3).
2
Let j(z) = 36*z**3 - 2*z**2 - 17*z - 8. Let q be j(-3). Let f = q - -2196. What are the prime factors of f?
1249
What are the prime factors of (627/30*2)/(30/2850)?
11, 19
Let y = 2830 - 2430. What are the prime factors of y?
2, 5
Suppose -131*b + 88991 = -118775. What are the prime factors of b?
2, 13, 61
Suppose -596 = -14*u + 76. Let q(c) = c**2 + c - 5. Let s be q(0). What are the prime factors of (15/s)/((-2)/u)?
2, 3
Suppose -46*c = -65*c + 146452. List the prime factors of c.
2, 41, 47
Let g(v) = -4*v**2 + 66*v + 44. Let i be g(30). Let j = -1114 - i. What are the prime factors of j?
2, 3, 7, 11
Suppose -4*d + 23 = 3. Suppose -l = -3*z - 13, -d*z - 9 = -l + 6. Suppose l*x - 75 = 85. List the prime factors of x.
2
Suppose 3*x - 18*m + 15*m - 256986 = 0, -x + 85646 = -3*m. List the prime factors of x.
2, 5, 13, 659
Let o = -46 - -50. Suppose o*w = 6 + 30. Suppose -10*k = -w*k - 87. What are the prime factors of k?
3, 29
Let y(x) = 8*x**2 - 53*x + 16. Let h be y(-8). List the prime factors of 1*(h + (-5 - (0 - 3))).
2, 5, 19
Suppose 5*s + 356 = -4*b + 138, -b = -5*s + 67. Let f = b - -106. List the prime factors of (-4)/(-14) + 2338/f.
2, 3
Suppose 0*h = -2*h - 3*x + 45, -2*h - 5*x = -51. List the prime factors of h.
2, 3
Let v = 15 - -20. Suppose 0 = 10*t - 13*t + 3*j, -2*j + v = 5*t. Suppose 2*q - t*q = -171. List the prime factors of q.
3, 19
Let t(h) = h**3 - 17*h**2 + 3*h + 25. Suppose -3*m + 42 = -6*m. Let s = m + 31. List the prime factors of t(s).
2, 19
Suppose 5*h - 2*h = -9. Let q be 3*(((-1)/h)/(-1) - -1). List the prime factors of (0 + q/4)*152.
2, 19
Suppose 2*k + k + v - 2798 = 0, -5*k + 4682 = -3*v. Let y = -425 + k. Suppose -164 = -4*d - g + y, 3*d = -2*g + 501. What are the prime factors of d?
13
List the prime factors of (-5)/3*(-832956)/410.
2, 1693
Suppose 2*m + 263 + 895 = 4*h, -2*h - m + 577 = 0. Suppose 8*k - 1407 = h. List the prime factors of k.
2, 53
Let o(v) = -v**3 + 9*v**2 + 19*v + 8. Let h be o(15). Let y = h + 1963. Suppose -5*n - n + y = 0. What are the prime factors of n?
151
Let r be 6 + (-725)/(-10) - (-6)/4. Suppose -75*d = -r*d + 1900. What are the prime factors of d?
2, 5, 19
Let a(d) = -d + 1. Let o be a(4). Let i be 1*(3 + (-3)/o*-3). Suppose -4*f + u + 3*u + 4 = i, 5*f - u = 25. What are the prime factors of f?
2, 3
Let h = -854 - -1628. Suppose -5*t = 4*j + 1510, 3*j + h = -4*t - 433. Let l = -141 - t. What are the prime factors of l?
157
List the prime factors of (-2826)/(((-532)/(-285))/(-14)).
3, 5, 157
Let m(n) = 7*n - n - 8*n + 3*n + 10. Let l be m(-8). Suppose -l*w = -6*w + 56. What are the prime factors of w?
2, 7
List the prime factors of (492/(-10))/((396/(-5680))/33).
2, 41, 71
Let z(p) = -505*p**2 - 13*p - 6. Let x(m) = -253*m**2 - 6*m - 3. Let k(n) = -9*x(n) + 4*z(n). What are the prime factors of k(1)?
2, 131
Let u = 274 - 280. Let r(b) = -250*b - 369. List the prime factors of r(u).
3, 13, 29
Let h be (-4)/6 - ((-10590)/(-18))/(-5). Let w = h + 27. List the prime factors of w.
2, 3
Let i = -78 + 199. Suppose -l + 2*f = -20, -5*l = -5*f + 46 - i. Suppose -3*g = -l*g + 189. List the prime factors of g.
3
Suppose 0 = 2*y - y - 45. Let u = -42 + y. Suppose 3*o + u*c - 138 = 0, 0*c - 4*c = o - 31. List the prime factors of o.
3, 17
Let s(n) = 31*n**2 - 92*n - 158. What are the prime factors of s(32)?
2, 14321
Suppose u + 5*y - 66 = 0, -2*u - 3*y - 26 = -3*u. Let r = 41 - u. Suppose 4*f - 548 = -r*f. What are the prime factors of f?
137
Let h(x) = 2181*x**2 + 71*x - 486. What are the prime factors of h(5)?
2, 27197
Let o be (2 + 42/(-15))/((-48)/3000). Suppose -o*k - 8525 = -75*k. What are the prime factors of k?
11, 31
Suppose 0 = -3*f - 3*v + 448 + 29, 5*v = -3*f + 477. What are the prime factors of ((-2)/3)/(5/(f*-15))?
2, 3, 53
Let m = 5700 